{"version":"1.0","provider_name":"Gastror\u00e9ka","provider_url":"https:\/\/gastroreka.cafeblog.hu","author_name":"gastror\u00e9ka","author_url":"https:\/\/gastroreka.cafeblog.hu\/author\/hegycsucs_reka\/","title":"Zs\u00e1ly\u00e1s s\u00f3","html":"<p>Padl\u00e1s hi\u00e1ny\u00e1ban a f\u0171szereket k\u00e9t m\u00f3don szoktam tart\u00f3s\u00edtani: f\u0171szerkever\u00e9kk\u00e9nt illetve f\u0171szervajk\u00e9nt. A zs\u00e1ly\u00e1s s\u00f3 kiv\u00e1l\u00f3 vadh\u00fasok, halak, s\u00fct\u0151t\u00f6k\u00f6s fog\u00e1sok, levesek, paradicsomos, mediterr\u00e1n \u00e9telek \u00edzes\u00edt\u00e9s\u00e9hez is. Gaztroaj\u00e1nd\u00e9knak sem utols\u00f3.<\/p>\r\n<p style=\"text-align: center\"><!--more--><strong>Hozz\u00e1val\u00f3k:<\/strong><\/p>\r\n<p style=\"text-align: center\">1 mar\u00e9k zs\u00e1lya<\/p>\r\n<p style=\"text-align: center\">20 dkg min\u0151s\u00e9gi tengeri s\u00f3 vagy k\u0151s\u00f3<\/p>\r\n<p><img class=\"size-large wp-image-805 aligncenter\" src=\"https:\/\/gastroreka.cafeblog.hu\/files\/2018\/10\/3-1-600x399.jpg\" alt=\"\" width=\"600\" height=\"399\" \/><\/p>\r\n<p>A zs\u00e1ly\u00e1kat megmossuk, megsz\u00e1r\u00edtjuk, let\u00e9pkedj\u00fck a leveleit. A zs\u00e1lyaleveleket a s\u00f3val robotg\u00e9pben finomra \u0151r\u00f6lj\u00fck, akkor lesz j\u00f3, ha teljesen z\u00f6ld lesz a s\u00f3 \u00e9s nem maradnak benne nagyobb lev\u00e9ldarabok. Az intenz\u00edv illat\u00fa, nedves s\u00f3t t\u00e1lc\u00e1ra bor\u00edtjuk, sz\u00e1raz helyen egy-k\u00e9t h\u00e9tig sz\u00e1r\u00edtjuk. Ha kisz\u00e1radt -ilyenkor a sz\u00edne is s\u00f6t\u00e9tebb lesz-, j\u00f3l z\u00e1rhat\u00f3 \u00fcvegekbe t\u00f6ltj\u00fck. Kiv\u00e1l\u00f3 erre a c\u00e9lra p\u00e9ld\u00e1ul a b\u00e9bi\u00e9teles \u00fcveg.<\/p>\r\n<p><img class=\"size-large wp-image-806 aligncenter\" src=\"https:\/\/gastroreka.cafeblog.hu\/files\/2018\/10\/2-600x406.jpg\" alt=\"\" width=\"600\" height=\"406\" \/><\/p>\r\n<p><strong><em>Fot\u00f3: <a href=\"https:\/\/www.facebook.com\/bogart.pictures\/\">Husz\u00e1r Bogl\u00e1rka<\/a><\/em><\/strong><\/p>","type":"rich","thumbnail_url":"https:\/\/gastroreka.cafeblog.hu\/files\/2018\/10\/1-150x150.jpg","thumbnail_width":150,"thumbnail_height":150}

Gastroréka

gastroréka

Zsályás só

<p>Padlás hiányában a fűszereket két módon szoktam tartósítani: fűszerkeverékként illetve fűszervajként. A zsályás só kiváló vadhúsok, halak, sütőtökös fogások, levesek, paradicsomos, mediterrán ételek ízesítéséhez is. Gaztroajándéknak sem utolsó.</p>
<p style="text-align: center"><!--more--><strong>Hozzávalók:</strong></p>
<p style="text-align: center">1 marék zsálya</p>
<p style="text-align: center">20 dkg minőségi tengeri só vagy kősó</p>
<p><img class="size-large wp-image-805 aligncenter" src="https://gastroreka.cafeblog.hu/files/2018/10/3-1-600x399.jpg" alt="" width="600" height="399" /></p>
<p>A zsályákat megmossuk, megszárítjuk, letépkedjük a leveleit. A zsályaleveleket a sóval robotgépben finomra őröljük, akkor lesz jó, ha teljesen zöld lesz a só és nem maradnak benne nagyobb levéldarabok. Az intenzív illatú, nedves sót tálcára borítjuk, száraz helyen egy-két hétig szárítjuk. Ha kiszáradt -ilyenkor a színe is sötétebb lesz-, jól zárható üvegekbe töltjük. Kiváló erre a célra például a bébiételes üveg.</p>
<p><img class="size-large wp-image-806 aligncenter" src="https://gastroreka.cafeblog.hu/files/2018/10/2-600x406.jpg" alt="" width="600" height="406" /></p>
<p><strong><em>Fotó: <a href="https://www.facebook.com/bogart.pictures/">Huszár Boglárka</a></em></strong></p>
